*2 - 12*k + 5. Suppose -4*h + 4 = 3*s, -2*s - 1 = 2*h - 7. Is l(s) composite?
False
Let p be 22/4*(2 + 56). Suppose 0 = -3*m + p - 124. Is m composite?
True
Suppose -5*r - 25 = 10. Is (-890)/r + (-1)/7 composite?
False
Let w(n) = n**3 - 7*n**2 + 5*n - 15. Is w(10) a prime number?
False
Let j(g) = 341*g + 1. Let d be j(3). Let s = d + -609. Is s a composite number?
True
Let o be 2/3*(-6)/(-4). Is o/(142/47 + -3) a composite number?
False
Let r(f) = 156*f**2 + 3*f + 10. Is r(-3) prime?
False
Let f = -55 - -236. Let x = f + -114. Is x composite?
False
Suppose 0 = 3*u - 0*u - 1329. Is u prime?
True
Suppose n + 3*a - 149 = 0, 2*n + a - 285 - 23 = 0. Is n a prime number?
False
Let q(b) = 7*b**2 + 3*b - 1. Is q(3) prime?
True
Let d(y) = -y - 7. Let b be d(-11). Suppose -58 = -b*n + 2*h, -5*n + 32 = -3*h - 42. Is n composite?
False
Let w(n) = 2*n + 1. Suppose 24 = -p - 5*m, 6*m - m = 3*p - 28. Let o be w(p). Suppose 4 = -o*y + 115. Is y a composite number?
False
Suppose -4*p + 16 = -4*x, x - 24 = -3*p - 0*x. Suppose -l = -118 + p. Suppose d = -2*d + l. Is d a prime number?
True
Let u(a) be the first derivative of -a**3/3 - 5*a**2/2 - 9*a + 2. Let r be u(-6). Let c = 36 + r. Is c composite?
True
Suppose -5*z = -5*m - 0*z + 30, -2*z - 24 = -5*m. Suppose 0 = -m*x + 156 + 28. Is x a prime number?
False
Let r be (11/(-33))/((-2)/18). Is r*166/12*2 a composite number?
False
Let h(t) = -t + 1. Let l be h(-1). Suppose -15 = o - l*o. Is o composite?
True
Let v = 218 - 113. Suppose -192 - v = -3*d. Suppose 0*s = -3*s + d. Is s a composite number?
True
Let p(c) = 25*c. Let t(i) = 1. Let l(q) = p(q) - 4*t(q). Is l(5) a composite number?
True
Let a = -2 + 4. Let s = a - -1. Is s composite?
False
Suppose 4*i = -5*d - i + 300, 5*d - 3*i - 292 = 0. Suppose -d = -w + 2*o, 5*w + o - 6*o - 280 = 0. Is w composite?
False
Suppose 3*y = 8*y. Let b(r) = 7*r + 1 + y + 8*r. Is b(2) a composite number?
False
Suppose -3*u + 5*j = -9106, 4*u - 4*j + 5*j = 12149. Is u prime?
True
Suppose -3*f = 4*j - 9, -4*j - j + 4*f - 12 = 0. Let z = 5 - j. Let v(n) = n**2 + 4*n - 6. Is v(z) a composite number?
True
Let h(n) be the third derivative of -193*n**4/24 + n**3/6 - 2*n**2. Let v be h(-3). Suppose -3*u = -7*u + v. Is u a prime number?
False
Let n(r) = 43*r - 6. Is n(5) a prime number?
False
Suppose s + 0*q + q - 122 = 0, 0 = 4*s + 3*q - 493. Is s prime?
True
Let u be (-1)/((-1)/(-3)*3). Let s = 4 - u. Suppose 5*q + 0*q = -s*b + 400, -2*b + 237 = 3*q. Is q a prime number?
False
Let a be (-3)/(-15) - 409/(-5). Let o = a - -282. Is o/4 + 2*1 a composite number?
True
Suppose -a + 32 = -42. Suppose k - a = -k. Is k prime?
True
Suppose 8*j + 4 = r + 3*j, -4 = -r - 5*j. Suppose -r*p - 5*z + 254 = -1133, -2*z - 10 = 0. Is p a prime number?
True
Let a(z) = 105*z**2 + 2*z - 5. Let u(p) = -70*p**2 - p + 3. Let j(i) = -5*a(i) - 8*u(i). Suppose 6*w = 10*w - 4. Is j(w) a composite number?
True
Let q(s) = s - 1. Let o(y) = -35*y + 8. Let u(f) = o(f) + q(f). Let i = 3 - 9. Is u(i) a composite number?
False
Let y = 2720 - 1579. Is y prime?
False
Is -1*-19*(-39)/(-3) a prime number?
False
Let a(b) = 7*b**2 + 3*b - 9. Let x be a(6). Suppose 0 = 4*v + h - x, 3*h = 4*v + 8*h - 265. Is v prime?
False
Suppose -135 - 395 = -2*q. Let v(s) = s**2 + 2*s. Let w be v(-3). Suppose -w*j = -8*j + q. Is j composite?
False
Suppose 0 = -5*d + 25, -2*r + 0*d = -3*d + 49. Let v be r + 1 - (-1 - 1). Let a = v + 51. Is a a composite number?
False
Let b be ((-1)/2)/(2/(-4)). Let f be (-202 + 3)/(b*-1). Suppose -c - 3*c + 3*i + f = 0, 249 = 5*c - 4*i. Is c a prime number?
False
Let t(h) = 2*h + 13. Is t(12) composite?
False
Is 2/14 + (-678)/(-7) prime?
True
Is (2 + -2 + 121)/1 composite?
True
Let j(i) = 7*i + 3. Let q be j(6). Suppose c - 4*o = 2*c + 7, -5*c = 4*o - q. Is c prime?
True
Suppose 2*w + 2*k = -2*k + 14, -5*w = -3*k - 9. Suppose 4*x - 30 = a, x = w*a + 4*x + 15. Let r = a - -59. Is r composite?
True
Let h = 292 - -1147. Suppose -409 = 2*v - h. Is v a prime number?
False
Let g be 8/20 + 4/(-10). Suppose 0*l - l + 97 = g. Is l a composite number?
False
Suppose -589 + 113 = -3*i - 5*h, -5*h = -i + 192. Is i a composite number?
False
Suppose 2215 = 7*l - 2*l. Is l prime?
True
Let i(l) be the third derivative of -l**6/120 + l**5/15 + l**4/24 - l**3/3 + l**2. Is i(3) a composite number?
True
Let u(f) = -123*f + 13. Is u(-6) composite?
False
Suppose -5*p = -2*d - 0*d + 30, 2*d - 3*p - 30 = 0. Let m = d + -10. Suppose -m*x + 9 = -121. Is x a prime number?
False
Suppose 0*z + 3*z - v = 12, 5*z + 5*v - 20 = 0. Let w(j) = 2*j**3 - 5*j**2 + 2*j + 3. Let q be w(z). Suppose 16 = 3*g - q. Is g prime?
False
Let s(i) = i**3 - 6*i**2 - 4*i - 3. Suppose 3*a - 4*a = -6. Let n be s(a). Let g = n + 41. Is g a prime number?
False
Suppose 0 = -3*b - 0*b + 6. Let z(o) = b*o**2 - 2*o + 9 - 4 + 2*o. Is z(-4) a prime number?
True
Let g be 2/11 + 4/(-22). Suppose g = 3*i - 52 - 5. Is i prime?
True
Suppose -711 - 510 = -3*z. Is z a prime number?
False
Let h(k) = 8*k**2 - 13*k - 19. Is h(-13) a prime number?
False
Let m(x) = 2*x**3 - x - 9. Let w be m(7). Suppose -3*c + w = 2*c. Is c prime?
False
Suppose 0 = -5*k + 21 + 4. Suppose 0*w - k*w = g - 188, 0 = 5*w + 15. Is g composite?
True
Let w = 3 - 0. Let m be (-8 + 22)*w/2. Suppose 0*a - a = -m. Is a composite?
True
Is (-2)/(-3 - 9148/(-3052)) a composite number?
True
Is (((-4)/(-6))/(-2))/((-1)/1347) composite?
False
Let w(b) = 177*b**2 - b - 1. Let a(v) = -v**3 + 4*v**2 + v - 5. Let p be a(4). Is w(p) a composite number?
True
Suppose -2 = 3*l - 20. Suppose -l*k - 1203 = -9*k. Is k a prime number?
True
Let r(b) = -3*b**3 + 2*b + 4. Let i be r(-3). Suppose -406 - i = -d. Is d composite?
True
Let g(j) = 171*j + 22. Is g(7) a prime number?
False
Suppose 4*a = -1942 + 10562. Is a prime?
False
Let j(g) = 15*g + 13. Suppose 2*w = 2*u - 16, -2*u = 5*w + 2 + 3. Suppose -2*y - u*f = -35, 4*f - 5 = y - f. Is j(y) prime?
True
Suppose -2*s - 5*v - 20 = -s, s = -3*v - 10. Suppose 0 = 3*n + 3*b - 45, b - 5*b = s*n - 71. Is n prime?
True
Suppose 3*a = y + 265, 0 = 2*a - 4*y - 260 + 90. Is a a prime number?
True
Let p(f) = -8*f - 1. Let m(s) = -8*s - 2. Let o(y) = 2*m(y) - 3*p(y). Is o(2) prime?
False
Let j(s) = -s**2 - 17*s + 21. Suppose -6*p - 80 = -p. Is j(p) composite?
False
Let f be 2 + (-1 - -2) - 0. Suppose f*b + u = -2*u + 1326, 2*u = 5*b - 2217. Is b prime?
True
Suppose s = 382 - 53. Is s composite?
True
Let t = -26 - 146. Let u = 641 + t. Is u a prime number?
False
Let v(u) = 3 - 16*u**2 + 8*u**2 + 2*u + 9*u**2. Let x be v(-2). Is 120/2 + -1 + x a composite number?
True
Let n be (-86)/8*(0 - 4). Is n*1/((-1)/(-1)) a prime number?
True
Let g be (-2)/(-5) - (-394)/(-10). Let u be 0*(2 - 1) - g. Suppose -u = -2*i - 5*c, 0*i - 5*i = -2*c - 112. Is i a composite number?
True
Let x = 3 - 0. Suppose -2*j = v - x, -4*v - 28 = -3*j + j. Suppose -l = -3*r - 136, 5*l - j*r = 2*l + 413. Is l a composite number?
False
Suppose 4*q - 15 = -4*c + 85, 5*c - q = 119. Suppose -8*r + 4*r + c = 0. Let j = -3 + r. Is j a composite number?
False
Suppose -2*m + 590 = 4*x, -232 - 51 = -m - 5*x. Is m prime?
False
Let k = 30 + -25. Let c be (1 + 2 + 1)*1. Suppose u = 3*j - 52, c*j = -0*j - k*u + 101. Is j a prime number?
True
Suppose -2*d - d - 2*i + 31 = 0, d = 3*i - 8. Is d composite?
False
Let d = -1571 - -2670. Is d a composite number?
True
Let i(l) = 10*l**2 - l - 1. Let n be i(-1). Suppose 0*m = -2*m + n. Suppose 4*p = -4*s + 644, 0*p + 161 = p - m*s. Is p a composite number?
True
Let o = -787 - -1772. Is o a prime number?
False
Suppose 0*b - 2*g = 3*b - 1191, 3*b = 5*g + 1191. Is b prime?
True
Let c be 40/(-12)*(-29 + -1). Let k be c/6*(-21)/(-2). Suppose -6*t + t = -k. Is t a prime number?
False
Let g(v) = v**3 - 4*v**2 + 5*v - 4. Let h be g(3). Suppose m + m - 115 = -3*d, -4*m = -h*d + 50. Is d a composite number?
True
Let w be (-230)/18 + 4/(-18). Let c = w + 24. Let p = c - -2. Is p prime?
True
Is 1/(-2) + (34749/(-2))/(-3) prime?
True
Suppose q + 9 = 151. Suppose r - 15 = -q. Let t = 218 + r. Is t composite?
True
Let o = 5419 - 110. Is o prime?
True
Let t(i) = i**3 + 8*i**2 + 6*i - 2. Let g be (-44)/6 - (-2)/6. Let r be t(g). Suppose -r*z + 212 = -z. Is z prime?
True
Suppose -100 = -5*y - 5*c, -3*y + 8*y - 3*